7
Let d be 243 + (69/12 - (-3)/(-4)). Calculate the greatest common factor of d and 8.
8
Let a(f) = 18*f - 3. Let y be a(6). Let d be 0 + (-2 - 68/(-4)). Calculate the highest common factor of y and d.
15
Let h be (-279)/(-63) - (-6)/(-14). Let m be (-11)/h - 9/(-12) - -8. What is the highest common factor of 18 and m?
6
Let b(u) = 91*u**2 + 65*u + 126. Let j be b(-2). What is the greatest common factor of 80 and j?
40
Let f = -129 - -131. Calculate the highest common divisor of f and 3.
1
Let j = 22 + -2. Let o be 52/j - 6/10. Suppose 4*x = 58 + o. Calculate the greatest common divisor of 165 and x.
15
Let v(l) = l**2 - 3*l - 7. Let a(j) = j - 2. Let i be a(-9). Let b = i + 8. Let k be v(b). What is the greatest common divisor of k and 1?
1
Let i be 101 - (-29)/(87/(-30)). What is the greatest common divisor of i and 403?
13
Suppose 2 = 2*r, 5*f + 0*f - 4 = -4*r. Let b be ((-1 - -2) + 1)/1. Suppose f = -b*m + 101 - 1. What is the greatest common factor of m and 20?
10
Let q(x) = -x**2 + 12*x + 22. Let m be q(13). Suppose 140 = t + 4*r + 25, r = 3*t - 293. Calculate the greatest common factor of m and t.
9
Let b be (-2 + (-2 - -62))/(-1). Let q = b - -121. Suppose 3*s + s = 168. What is the greatest common divisor of s and q?
21
Let v = -38 - -86. Suppose 5*c - 1 = 2*l, 0 = 6*l - 5*l - 3*c + 3. What is the highest common factor of l and v?
12
Let l = -2257 + 2332. Calculate the highest common factor of 1175 and l.
25
Let s(m) = 3*m**2 - 2*m + 1. Let i be ((-9)/(-36))/((-2)/(-8)). Let l be s(i). Suppose -l*c = -180 - 378. Calculate the highest common divisor of c and 31.
31
Suppose 4*j - j = -d + 58, 3*j - 2*d = 55. Let v(c) = c**2 + 2*c - 1. Let q be v(3). Suppose j*a - 85 = q*a. What is the highest common divisor of 153 and a?
17
Suppose y + 2*j - 3 = 0, 5*y - 22 = -2*j - j. Suppose y*s - 66 = 2*s. Let a be (44/24)/(1/6). What is the greatest common divisor of a and s?
11
Let b = 877 - 470. What is the greatest common divisor of 74 and b?
37
Let q be (-2280)/(-52) - 16/(-104). Calculate the greatest common divisor of q and 594.
22
Let q be 39*(4 - (5 + -2)). Let i(t) = -13*t**3 - t**2 - 2*t - 1. Let m be i(-1). Calculate the highest common divisor of m and q.
13
Suppose 3*u = -5*n + 41, -5*u + 7*n = 3*n - 19. Calculate the highest common divisor of u and 1274.
7
Suppose 2*g = 5*t - 502, -4*t + 184 = 4*g - 212. Suppose -15 + t = 5*l. Calculate the highest common factor of 17 and l.
17
Let v(r) = r - 21 - 37*r + 19 - 6*r. Let w be v(-1). Calculate the highest common factor of w and 60.
20
Let j(v) = 52*v - 2. Let w be ((-6)/24)/(2/(-8)). Let z be j(w). What is the highest common factor of z and 125?
25
Let p be 7*2/(-10)*-15. What is the highest common factor of 15 and p?
3
Suppose 15 = 3*z - 3*b, -9 + 11 = 4*z + 2*b. Calculate the greatest common factor of 27 and z.
1
Let d = -1418 + 1616. Calculate the highest common divisor of 36 and d.
18
Let f be 450/(-40)*4/(-3). What is the greatest common factor of 6 and f?
3
Suppose 4*n - 34 = -94. Let r be (18/(-5))/(6/n). Calculate the highest common factor of r and 63.
9
Suppose 3*v + 15 = 8*v. Suppose u = -v*u + 100. Suppose 0 = -53*z - 80*z + 57*z + 380. Calculate the highest common divisor of z and u.
5
Suppose -5*z + 23 + 107 = 0. Let w(s) = -s**3 + 17*s**2 + 38*s + 65. Let l be w(19). What is the highest common divisor of l and z?
13
Let n be 56 - (0 + 0 + 1). Let v = -9475 + 9640. What is the greatest common factor of n and v?
55
Suppose -35*m + 28*m = 616. Let f = m - -107. What is the highest common factor of f and 171?
19
Suppose -4*a + 184 = 4*q, 4*q + q = -4*a + 229. Let s = -16 - -38. Suppose 18 = 4*g + d + d, 4*g - 2*d - s = 0. What is the greatest common factor of g and q?
5
Let h be (42/(-9))/((-1)/3). Let m be -1*(-1*h + 0). What is the greatest common divisor of m and 154?
14
Suppose 8 = 6*z - 2*z. Suppose -4*g + 54 = -z*g. Suppose 2*w + 9 = 3*w. What is the greatest common factor of w and g?
9
Suppose -z = -6*z + 25. Let r be z/(-25) - (0 + (-813)/15). What is the highest common divisor of r and 36?
18
Suppose 5*r + 21 = -6*t + 8*t, 5*t + 3*r - 6 = 0. Let y be (1 + -3)*6/4. Let a be 2/y*6/(-4). Calculate the greatest common divisor of t and a.
1
Let v(i) = -2*i - 4. Let r(z) = 2*z**2 + 10*z - 3. Let a be r(-8). Let j be (-215)/a - 4/18. Let u be v(j). What is the greatest common divisor of u and 48?
6
Let v = 22 + -14. Let b be (-2)/(543/(-108) - (-5 - 0)). Calculate the highest common factor of v and b.
8
Let q(x) = 4*x - 8. Let p be q(0). Let r be (-254)/p - (-7)/28. What is the highest common divisor of 8 and r?
8
Let i(n) = -2*n**3 + 53*n**2 + 27*n + 36. Let v be i(27). What is the highest common divisor of v and 12?
12
Suppose 8*i = -3*i - 979. Let w = -58 - i. Calculate the highest common divisor of 248 and w.
31
Let w be -8 - (7 - (6 + 441)). What is the highest common divisor of w and 27?
27
Let u be (-15)/3 + 7/(28/200). What is the highest common factor of 81 and u?
9
Suppose -o - 5*n + 40 = 0, -o + 3*n = -21 - 3. What is the highest common factor of o and 36?
6
Let b(r) = r**3 + 14*r**2 - 2*r + 11. Let v be b(-14). Suppose h = -2*w + v, -3*h - 6 = -5*h. Calculate the greatest common divisor of w and 6.
6
Suppose -17784 = 60*b - 63*b. What is the greatest common divisor of b and 13?
13
Let z(f) = f**2 - f. Let b be z(1). Suppose -6*c + 3*c = b. Let t(d) = -d**3 - d**2 + d + 72. Let o be t(c). What is the greatest common divisor of o and 18?
18
Let r = 12 + -8. Let v(q) = q**3 - 3*q**2 + 6*q + 26. Let h be v(3). Calculate the greatest common divisor of h and r.
4
Let p = -59 - -81. Suppose -p*s = -15*s - 406. What is the highest common divisor of 232 and s?
58
Let q be (2 + -1)*(2 - -34). Let s = -25 + 30. Suppose w - 44 = s*f, -2*f + 64 = w + 3*f. Calculate the highest common factor of q and w.
18
Let s(h) = -33*h - 12. Let f be s(-5). What is the highest common factor of 17 and f?
17
Let l(n) = n**3 - n**2 - 2*n + 1. Let r be l(3). Suppose u = 4*f - 152 - 5, -116 = -3*f - u. Calculate the highest common divisor of r and f.
13
Let j(u) = -u**3 + 12*u**2 - 2*u - 157. Let w be j(9). Calculate the greatest common factor of 4148 and w.
68
Let y be -4 + -4 + 3 + -9. Let f = 3 - y. Calculate the highest common factor of 17 and f.
17
Let n be 18*-1*(-41 + 35). Let f(r) = -5*r - 3. Let a be f(-6). What is the greatest common divisor of n and a?
27
Let h(v) = v - 1. Let i be h(5). Suppose -o - 3*g + 9 = 0, 3*o - 9*g + 4*g = 41. What is the greatest common divisor of o and i?
4
Let s(w) = w**3 + 2*w**2 - 11*w + 2. Let p be s(-3). Let u = 39 - -26. Calculate the greatest common divisor of u and p.
13
Let q = 304 + -199. Calculate the highest common divisor of q and 14.
7
Let p = 4 + 2. Let j = p - -16. Calculate the greatest common factor of j and 88.
22
Let z = -16 + 12. Let r be ((-2)/(-4))/(z/8). Let m be (2/1 - r) + -1. What is the highest common factor of 18 and m?
2
Let g = 195 + 78. Let f(k) = k**3 - k**2 - 3*k + 3. Let b be f(4). What is the greatest common factor of b and g?
39
Suppose -8*y + 1002 + 62 = 0. Calculate the greatest common factor of 57 and y.
19
Let k be -2 + (-1 - (4 - 1)). Let l be (k - 2)/(2/(-4)). Let c = 282 + -266. Calculate the highest common factor of l and c.
16
Let m(s) = 7*s**2 + 1. Let u be m(-1). Suppose -27 = -5*n + u. Let f = n + 13. Calculate the greatest common divisor of 40 and f.
20
Let y(s) = -22*s. Let h be y(-1). Suppose 2*n + 8 + 3 = k, -2*n + 4 = -4*k. Let g be ((1/(-1))/4)/(1/n). Calculate the highest common factor of g and h.
2
Let k be -12*(-8)/12*3. Let t be 164 + (-9 - -10)/(2/8). What is the highest common divisor of k and t?
24
Suppose -7*u - u + 32 = 0. What is the greatest common factor of 14 and u?
2
Suppose -f - 12 = 2*f. Let m be 7/2 - (-2)/f. Suppose 0 = -5*q + 15, a = -a + m*q + 15. What is the greatest common divisor of 24 and a?
12
Let h = 7 - 1. Suppose 0 = v - 4*p + 10, -5*v = -3*p + h*p - 19. Let x be 1*(-11 + v)*-12. Calculate the highest common divisor of 12 and x.
12
Suppose -3*k = 7 - 76. Let u = k - -2. What is the highest common divisor of u and 50?
25
Let d(h) = -3*h + 14. Let l be d(0). Suppose -12*o = -l*o + 30. Calculate the greatest common factor of 45 and o.
15
Let t = -41 + 93. Let r = 84 - t. Calcul